{"id":1076,"date":"2024-06-24T09:32:54","date_gmt":"2024-06-24T09:32:54","guid":{"rendered":"https:\/\/heimatpflege-tuebingen.de\/?page_id=1076"},"modified":"2025-03-05T11:21:17","modified_gmt":"2025-03-05T11:21:17","slug":"wettbewerb-vorbildliches-dorfgasthaus-2023-2024-test","status":"publish","type":"page","link":"https:\/\/heimatpflege-tuebingen.de\/?page_id=1076","title":{"rendered":"Wettbewerb &#8222;Vorbildliches Dorfgasthaus 2023\/2024&#8220;"},"content":{"rendered":"\n<p><\/p>\n\n\n\n<p><\/p>\n\n\n\n<p>Die Gewinner des aktuellen Wettbewerbs \u201eVorbildliches Dorfgasthaus\u201c des Arbeitskreises Heimatpflege im Regierungsbezirk T\u00fcbingen e. V. stehen fest. Eine Jury aus Mitgliedern des Arbeitskreises, Kulturwissenschaftlern, Experten des L\u00e4ndlichen Raums und Gastronomiefachleuten hat \u00fcber die Bewerbungen entschieden. Der Vorsitzende des Arbeitskreises Heimatpflege Karlheinz Geppert gab am Montag, den 06.11.2023 die Gewinner bekannt. Preistr\u00e4ger sind das Gasthaus Gr\u00fcner Baum in 72070 T\u00fcbingen- Hageloch, das Gasthaus Pflugbrauerei in 89129 Langenau-H\u00f6rvelsingen, das Gasthaus Adler in 88085 Langenargen-Oberdorf und das Gasthaus Gerber in 88367 Hohentengen. Eine Auszeichnung f\u00fcr ein besonderes Konzept erhalten das Gasthaus Eintracht in 72108 Rottenburg und das Gasthaus Adler in 88316 Isny-Gro\u00dfholzleute. Die Preistr\u00e4ger wurden von Regierungspr\u00e4sident Klaus Tappeser ausgezeichnet.<\/p>\n\n\n\n<p><strong>Zu den Preistr\u00e4gern:<\/strong><\/p>\n\n\n\n<p><strong>Gasthaus Gr\u00fcner Baum in T\u00fcbingen-Hagelloch<\/strong><\/p>\n\n\n<p>Das Gasthaus Gr\u00fcner Baum in T\u00fcbingen-Hagelloch im Landkreis T\u00fcbingen bietet<br>in gem\u00fctlicher Atmosph\u00e4re eine saisonal deutsche K\u00fcche. Auszeichnungsw\u00fcrdig ist<br>das familiengef\u00fchrte Landgasthaus aufgrund der vielf\u00e4ltigen Angebote. Das<br><img loading=\"lazy\" decoding=\"async\" class=\" wp-image-1079 alignleft\" src=\"http:\/\/heimatpflege-tuebingen.de\/wp-content\/uploads\/2024\/06\/Gruenerbaum-300x185.png\" alt=\"\" width=\"399\" height=\"246\" srcset=\"https:\/\/heimatpflege-tuebingen.de\/wp-content\/uploads\/2024\/06\/Gruenerbaum-300x185.png 300w, https:\/\/heimatpflege-tuebingen.de\/wp-content\/uploads\/2024\/06\/Gruenerbaum-1024x632.png 1024w, https:\/\/heimatpflege-tuebingen.de\/wp-content\/uploads\/2024\/06\/Gruenerbaum-768x474.png 768w, https:\/\/heimatpflege-tuebingen.de\/wp-content\/uploads\/2024\/06\/Gruenerbaum.png 1530w\" sizes=\"auto, (max-width: 399px) 100vw, 399px\" \/>Gasthaus ist Anlaufpunkt von Albverein, Wander- und Jahrgangsgruppen und<br>verschiedenen Stamm-tischen.1925 wurde im Nebenzimmer des Gr\u00fcnen Baumes der Musikverein Hagelloch gegr\u00fcndet. Die G\u00e4ste verbringen gerne einen sch\u00f6nen Mittag im Gasthaus Gr\u00fcner Baum mit hausgemachten Kuchen und Vesper.<\/p>\n<p>&nbsp;<\/p>\n<p><strong>Pflugbrauerei in Langenau-H\u00f6rvelsingen<\/strong><\/p>\n<p><!-- \/wp:post-content --><!-- wp:paragraph --><\/p>\n<p>Die Pflugbrauerei in Langenau-H\u00f6rvelsingen im Landkreis Alb-Donau-Kreis ist<br>ein Wirtshaus mit Biergarten, hauseigener Brauerei und einer kleinen<br><img loading=\"lazy\" decoding=\"async\" class=\"size-medium wp-image-1081 alignleft\" src=\"http:\/\/heimatpflege-tuebingen.de\/wp-content\/uploads\/2024\/06\/Pflugbrauerei-300x121.png\" alt=\"\" width=\"300\" height=\"121\" srcset=\"https:\/\/heimatpflege-tuebingen.de\/wp-content\/uploads\/2024\/06\/Pflugbrauerei-300x121.png 300w, https:\/\/heimatpflege-tuebingen.de\/wp-content\/uploads\/2024\/06\/Pflugbrauerei-1024x412.png 1024w, https:\/\/heimatpflege-tuebingen.de\/wp-content\/uploads\/2024\/06\/Pflugbrauerei-768x309.png 768w, https:\/\/heimatpflege-tuebingen.de\/wp-content\/uploads\/2024\/06\/Pflugbrauerei-1536x618.png 1536w, https:\/\/heimatpflege-tuebingen.de\/wp-content\/uploads\/2024\/06\/Pflugbrauerei.png 1888w\" sizes=\"auto, (max-width: 300px) 100vw, 300px\" \/>Landwirtschaft. \u00dcber 300 Jahre alt, bodenst\u00e4ndig, gastfreundlich und<br>familiengef\u00fchrt.<br>In den Pflug kann man zum Fr\u00fchschoppen vormittags, zu Bratw\u00fcrsten mittags, zum<br>Kaffee nachmittags und zum Wurstsalat abends einkehren. Die Pflugbrauerei ist immer wieder ein Treffpunkt f\u00fcr Kultur und Theater. Der<br>gro\u00dfe Saal in der Pflugbrauerei ist ideal f\u00fcr Proben und Auff\u00fchrungen.<\/p>\n<p>&nbsp;<\/p>\n<p><!-- \/wp:paragraph --><!-- wp:paragraph {\"align\":\"left\"} --><\/p>\n<p><strong>Landgasthof Adler in Langenargen-Oberdorf<\/strong><\/p>\n<p class=\"has-text-align-left\">Wer im Landgasthof Adler in Langenargen-Oberdorf<br>am Bodensee einkehrt, bei\u00dft in hausgemachte Feinschmeckerk\u00fcche und zeitgleich<br>in die Historie eines Hauses. Dass der Adler nach wie vor den Geist der letzten<br>Jahrhunderte \u201eausatmet\u201c, verdankt er vor allem der Tatsache, dass Vorbesitzer<br>kaum in das Geb\u00e4ude investierte. So blieb das seit 1938 Denkmal gesch\u00fctzte<br>Gasthaus erhalten.<\/p>\n<p class=\"has-text-align-left\"><img loading=\"lazy\" decoding=\"async\" class=\"size-medium wp-image-1031 alignleft\" src=\"http:\/\/heimatpflege-tuebingen.de\/wp-content\/uploads\/2024\/04\/IMG_8146-300x225.jpg\" alt=\"\" width=\"300\" height=\"225\" srcset=\"https:\/\/heimatpflege-tuebingen.de\/wp-content\/uploads\/2024\/04\/IMG_8146-300x225.jpg 300w, https:\/\/heimatpflege-tuebingen.de\/wp-content\/uploads\/2024\/04\/IMG_8146-1024x768.jpg 1024w, https:\/\/heimatpflege-tuebingen.de\/wp-content\/uploads\/2024\/04\/IMG_8146-768x576.jpg 768w, https:\/\/heimatpflege-tuebingen.de\/wp-content\/uploads\/2024\/04\/IMG_8146-1536x1152.jpg 1536w, https:\/\/heimatpflege-tuebingen.de\/wp-content\/uploads\/2024\/04\/IMG_8146-2048x1536.jpg 2048w\" sizes=\"auto, (max-width: 300px) 100vw, 300px\" \/>Die Bilder an der Wand im Gasthaus zeigen die letzten der mittlerweile 13<br>Generationen der Familie, deren Ahnenreihe seit 1756 an Herd und Zapfhahn des<br>Adlers gestanden haben. Seit 1988 tun das Birgit und ihr Mann Christoph Kugel.<br>Mittlerweile hat die Familie Kugel eine GmbH gegr\u00fcndet und teilen sich Rechte<br>wie Pflichten mit den beiden \u00e4lteren der drei gemeinsamen S\u00f6hne, der 14.<br>Generation. Das Gasthaus Adler ist bekannt f\u00fcr seine traditionell schw\u00e4bische K\u00fcche mit K\u00e4sesp\u00e4tzle, Maultaschen und Co.<\/p>\n<p>&nbsp;<\/p>\n<p><!-- \/wp:paragraph --><!-- wp:paragraph --><\/p>\n<p><!-- \/wp:paragraph --><!-- wp:paragraph --><\/p>\n<p><strong>Gasthaus Gerber in Hohentengen<\/strong><\/p>\n<p>Im Gasthaus Gerber in 88367 Hohentengen im Landkreis Sigmaringen war fr\u00fcher<br>eine Gerberei untergebracht. Das uralte Haus war verfallen, als die Br\u00fcder<br>Erwin und Manfred L\u00f6ffler es 1996 kauften. Die Familien der beiden sanierten es<br>grundlegend mit viel Eigenleistung in etwa 5000 Arbeitsstunden. Die beiden<br>Br\u00fcder sind die Inhaber, ihre Schwester Lise Wilkendorf ist die P\u00e4chterin. Im Jahr<br><img loading=\"lazy\" decoding=\"async\" class=\"size-medium wp-image-1082 alignleft\" src=\"http:\/\/heimatpflege-tuebingen.de\/wp-content\/uploads\/2024\/06\/Gerber-300x199.png\" alt=\"\" width=\"300\" height=\"199\" srcset=\"https:\/\/heimatpflege-tuebingen.de\/wp-content\/uploads\/2024\/06\/Gerber-300x199.png 300w, https:\/\/heimatpflege-tuebingen.de\/wp-content\/uploads\/2024\/06\/Gerber.png 712w\" sizes=\"auto, (max-width: 300px) 100vw, 300px\" \/>1999 er\u00f6ffnete das \u201eWirtshaus zum Gerber\u201c, eine freundliche und offene<br>Atmosph\u00e4re in der Gastst\u00e4tte zu schaffen, das ist der Wirtin Lise Wilkendorf<br>wichtig. Das Gasthaus Gerber bietet gute regionale schw\u00e4bische K\u00fcche in einer<br>heimeligen Atmosph\u00e4re an. Die dabei verwendeten Zutaten sind zum gr\u00f6\u00dften Teil<br>aus eigener Erzeugung, wie auch die Kuchen und Torten in der Familie gebacken werden.<br>Das Gasthaus Gerber veranstaltet auch immer wieder besondere<br>Events. So geh\u00f6ren unter anderem Live-Musik-Abende, ein Oktoberfest, das<br>n\u00e4rrische Frauen-Kaffee-Kr\u00e4nzle oder auch das Schlachtfest zum immer<br>wiederkehrenden Programm.<\/p>\n<p><!-- \/wp:paragraph --><!-- wp:paragraph --><\/p>\n<p><strong>Auszeichnet mit Sonderpreisen:<\/strong><\/p>\n<p><strong>Gasthaus Eintracht in Rottenburg am Neckar<\/strong><\/p>\n<p>Die Eintracht in Rottenburg im Landkreis T\u00fcbingen erh\u00e4lt eine Auszeichnung f\u00fcr<br>ihr traditionelles und kulturelles Konzept. Die Wirtschaft zur Eintracht ist<br>eine Institution in Rottenburg am Neckar. Gegr\u00fcndet 1885 von Paul Wilhelm Neu<br>unter dem damaligen Namen \u201eStegbeck\u201c f\u00fchrt sie heute die Familie Stefanie und<br><img loading=\"lazy\" decoding=\"async\" class=\"size-medium wp-image-1083 alignleft\" src=\"http:\/\/heimatpflege-tuebingen.de\/wp-content\/uploads\/2024\/06\/Eintracht-300x190.png\" alt=\"\" width=\"300\" height=\"190\" srcset=\"https:\/\/heimatpflege-tuebingen.de\/wp-content\/uploads\/2024\/06\/Eintracht-300x190.png 300w, https:\/\/heimatpflege-tuebingen.de\/wp-content\/uploads\/2024\/06\/Eintracht-1024x649.png 1024w, https:\/\/heimatpflege-tuebingen.de\/wp-content\/uploads\/2024\/06\/Eintracht-768x487.png 768w, https:\/\/heimatpflege-tuebingen.de\/wp-content\/uploads\/2024\/06\/Eintracht-1536x973.png 1536w, https:\/\/heimatpflege-tuebingen.de\/wp-content\/uploads\/2024\/06\/Eintracht.png 1662w\" sizes=\"auto, (max-width: 300px) 100vw, 300px\" \/>Armin Neu in 4. Generation. Die Stadtkapelle trifft sich hier nach der Probe,<br>ebenso der Liederkranz, wie auch die Seniorinnen und Senioren vom Turnverein<br>1861 und eine Skatrunde ehemaliger TVR-Handballspieler. Alle vier Wochen<br>stricken die Strickliesele um die Wette f\u00fcr wohlt\u00e4tige Zwecke. Auch die Pflege<br>der schw\u00e4bischen Mundart wird in der Eintracht hochgehalten. Zur Fasnetszeit gibt es Kappenabende mit der Kapelle W\u00fctz oder der Gruppe Greiner. Fasnetskapellen und Ziehorgler bringen an den Abenden der Hauptfasnet<br>Stimmung in die Eintracht.<\/p>\n<p>&nbsp;<\/p>\n<p><strong>Gasthaus Adler in Isny-Gro\u00dfholzleute<\/strong><\/p>\n<p><!-- \/wp:paragraph --><!-- wp:paragraph --><\/p>\n<p>Das Gasthaus Adler in 88316 Isny-Gro\u00dfholzleute im Landkreis Ravensburg<br>erh\u00e4lt eine Auszeichnung f\u00fcr sein traditionelles und kulturelles Konzept.<br>Das \u00fcber 600 Jahre alte, sehr geschichtstr\u00e4chtige Gasthaus bietet<br>Gem\u00fctlichkeit, Gastlichkeit und eine regionale K\u00fcche. Im Herbst 1958 tagte die<br><img loading=\"lazy\" decoding=\"async\" class=\"size-medium wp-image-1074 alignleft\" src=\"http:\/\/heimatpflege-tuebingen.de\/wp-content\/uploads\/2024\/06\/Adler-Grossholzleute-300x130.png\" alt=\"\" width=\"300\" height=\"130\" srcset=\"https:\/\/heimatpflege-tuebingen.de\/wp-content\/uploads\/2024\/06\/Adler-Grossholzleute-300x130.png 300w, https:\/\/heimatpflege-tuebingen.de\/wp-content\/uploads\/2024\/06\/Adler-Grossholzleute-1024x442.png 1024w, https:\/\/heimatpflege-tuebingen.de\/wp-content\/uploads\/2024\/06\/Adler-Grossholzleute-768x332.png 768w, https:\/\/heimatpflege-tuebingen.de\/wp-content\/uploads\/2024\/06\/Adler-Grossholzleute-1536x663.png 1536w, https:\/\/heimatpflege-tuebingen.de\/wp-content\/uploads\/2024\/06\/Adler-Grossholzleute-2048x884.png 2048w\" sizes=\"auto, (max-width: 300px) 100vw, 300px\" \/>legend\u00e4re Schriftstellervereinigung \u201eGruppe 47\u201c im historischen Adler-Saal. Auf<br>dieser Tagung las G\u00fcnter Grass das erste Kapitel seines noch unver\u00f6ffentlichten<br>Romans \u201eDie Blechtrommel\u201c, was den bis dahin unbekannten Autor \u00fcber Nacht<br>ber\u00fchmt machte.<br>Heute treffen sich hier G\u00e4ste mehrere Generationen, \u00f6rtliche Vereine,<br>Literaturfreunde, Trachten-, Sch\u00fctzen-, Feuerwehrverein, Landfrauen, Musiker,<br>Soldatenkameradschaften, Kegelclubs, Dorfjugend, Stammtische.<br>Gutes Essen verbunden mit Geschichte und Kultur ist das Motto des Adlers in<br>Isny-Gro\u00dfholzleute.<\/p>\n<p><!-- \/wp:paragraph --><!-- wp:paragraph --><\/p>\n<p>&nbsp;<\/p>\n<p><!-- \/wp:paragraph --><\/p>","protected":false},"excerpt":{"rendered":"<p>Die Gewinner des aktuellen Wettbewerbs \u201eVorbildliches Dorfgasthaus\u201c des Arbeitskreises Heimatpflege im Regierungsbezirk T\u00fcbingen e. V. stehen fest. Eine Jury aus Mitgliedern des Arbeitskreises, Kulturwissenschaftlern, Experten des L\u00e4ndlichen Raums und Gastronomiefachleuten hat \u00fcber die Bewerbungen entschieden. Der Vorsitzende des Arbeitskreises Heimatpflege Karlheinz Geppert gab am Montag, den 06.11.2023 die Gewinner bekannt. Preistr\u00e4ger sind das Gasthaus Gr\u00fcner &hellip; <\/p>\n<p class=\"link-more\"><a href=\"https:\/\/heimatpflege-tuebingen.de\/?page_id=1076\" class=\"more-link\"><span class=\"screen-reader-text\">\u201eWettbewerb &#8222;Vorbildliches Dorfgasthaus 2023\/2024&#8220;\u201c <\/span>weiterlesen<\/a><\/p>\n","protected":false},"author":1,"featured_media":193,"parent":0,"menu_order":0,"comment_status":"closed","ping_status":"closed","template":"","meta":{"ngg_post_thumbnail":0,"footnotes":""},"class_list":["post-1076","page","type-page","status-publish","has-post-thumbnail","hentry"],"_links":{"self":[{"href":"https:\/\/heimatpflege-tuebingen.de\/index.php?rest_route=\/wp\/v2\/pages\/1076","targetHints":{"allow":["GET"]}}],"collection":[{"href":"https:\/\/heimatpflege-tuebingen.de\/index.php?rest_route=\/wp\/v2\/pages"}],"about":[{"href":"https:\/\/heimatpflege-tuebingen.de\/index.php?rest_route=\/wp\/v2\/types\/page"}],"author":[{"embeddable":true,"href":"https:\/\/heimatpflege-tuebingen.de\/index.php?rest_route=\/wp\/v2\/users\/1"}],"replies":[{"embeddable":true,"href":"https:\/\/heimatpflege-tuebingen.de\/index.php?rest_route=%2Fwp%2Fv2%2Fcomments&post=1076"}],"version-history":[{"count":10,"href":"https:\/\/heimatpflege-tuebingen.de\/index.php?rest_route=\/wp\/v2\/pages\/1076\/revisions"}],"predecessor-version":[{"id":1100,"href":"https:\/\/heimatpflege-tuebingen.de\/index.php?rest_route=\/wp\/v2\/pages\/1076\/revisions\/1100"}],"wp:featuredmedia":[{"embeddable":true,"href":"https:\/\/heimatpflege-tuebingen.de\/index.php?rest_route=\/wp\/v2\/media\/193"}],"wp:attachment":[{"href":"https:\/\/heimatpflege-tuebingen.de\/index.php?rest_route=%2Fwp%2Fv2%2Fmedia&parent=1076"}],"curies":[{"name":"wp","href":"https:\/\/api.w.org\/{rel}","templated":true}]}}