{"id":274,"date":"2018-01-25T11:12:58","date_gmt":"2018-01-25T11:12:58","guid":{"rendered":"http:\/\/heimatpflege-tuebingen.de\/?page_id=274"},"modified":"2026-02-09T10:08:45","modified_gmt":"2026-02-09T10:08:45","slug":"heimattage-2","status":"publish","type":"page","link":"https:\/\/heimatpflege-tuebingen.de\/?page_id=274","title":{"rendered":"Heimattage"},"content":{"rendered":"<div data-rtr-content=\"#read\">\n<p><b>Seit 1978 sind St\u00e4dte und Gemeinden im ganzen Land Ausrichter der Heimattage Baden-W\u00fcrttemberg.<\/b><\/p>\n<p><b><\/b>Durch den j\u00e4hrlichen Wechsel wird immer eine andere Region mit ihren Besonderheiten vorgestellt.<b>&nbsp;<\/b>Die Heimattage wollen das Verst\u00e4ndnis f\u00fcr Heimat vertiefen und das Wir-Gef\u00fchl der Menschen in Baden-W\u00fcrttemberg st\u00e4rken. Die Heimattage bieten \u00fcber das ganze Jahr hinweg f\u00fcr Jung und Alt eine Reihe von Veranstaltungen. Diese sind sowohl Schaufenster f\u00fcr die veranstaltende Gemeinde als auch f\u00fcr das vielf\u00e4ltige Angebot aus dem ganzen Land.<\/p>\n<p>Die&nbsp;<em>Heimattage Baden-W\u00fcrttemberg<\/em>&nbsp;sind bis 2029 vergeben: 2025: Weinheim; 2026: Oberkirch; 2027: Villingen-Schwenningen; 2028: Herrenberg; 2029: Crailsheim.<\/p>\n<p><span style=\"font-size: 1rem; font-weight: 800;\">Weiterf\u00fchrende Links<\/span><\/p>\n<\/div>\n<div data-rtr-content=\"#read\">\n<ul>\n<li><a class=\"link-external\" href=\"http:\/\/www.heimattage-waldkirch.de\/\" target=\"_blank\" rel=\"noopener\">Heimattage Baden-W\u00fcrttemberg 2018 in Waldkirch<\/a><\/li>\n<li><a href=\"http:\/\/www.winnenden.de\/,Lde\/start\/kultur-sport-tourismus\/heimattage.html\">Heimattage Baden-W\u00fcrttemberg 2019 in Winnenden<\/a><\/li>\n<li><a href=\"https:\/\/www.heimattage-radolfzell.de\/\">Heimattage Baden-W\u00fcrttemberg 2021 in Radolfzell<\/a><\/li>\n<li><a href=\"https:\/\/www.heimattage-offenburg.de\/\">Heimattage Baden-W\u00fcrttemberg 2022 in Offenburg<\/a><\/li>\n<li><a href=\"https:\/\/heimattage-biberach.de\/\">Heimattage Baden-W\u00fcrttemberg 2023 in Biberach<\/a><\/li>\n<li><a href=\"https:\/\/www.heimattage2024.de\/\">Heimattage Baden-W\u00fcrttemberg 2024 im H\u00e4rtsfeld<\/a><\/li>\n<li><a href=\"https:\/\/heimattage2025.de\/\">Heimattage Baden-W\u00fcrttemberg 2025 in Weinheim<\/a><\/li>\n<li><a href=\"https:\/\/www.heimattage2026.de\/\">Heimattage Baden-W\u00fcrttemberg 2026 Oberkirch<\/a><\/li>\n<li><a class=\"link-download\" href=\"https:\/\/im.baden-wuerttemberg.de\/fileadmin\/redaktion\/m-im\/intern\/dateien\/pdf\/20220419_Leitbild_der_Heimattage_Baden-Wuerttemberg.pdf\" target=\"_blank\" rel=\"noopener\">Leitbild der Heimattage Baden-W\u00fcrttemberg (PDF)<\/a><\/li>\n<li><a class=\"link-download\" href=\"https:\/\/im.baden-wuerttemberg.de\/fileadmin\/redaktion\/m-im\/intern\/dateien\/pdf\/20250901_Austragungsorte_Heimattage_BW.pdf\" target=\"_blank\" rel=\"noopener\">Austragungsorte der Heimattage Baden-W\u00fcrttemberg 1978 &#8211; 2029 (PDF)<\/a><\/li>\n<li><a class=\"link-external\" href=\"http:\/\/mwk.baden-wuerttemberg.de\/de\/kunst-kultur\/kultursparten\/heimatpflege\/\" target=\"_blank\" rel=\"noopener\">Wissenschaftsministerium: Heimatpflege<\/a><\/li>\n<\/ul>\n<\/div>\n\n\n\n\n\n","protected":false},"excerpt":{"rendered":"<p>Seit 1978 sind St\u00e4dte und Gemeinden im ganzen Land Ausrichter der Heimattage Baden-W\u00fcrttemberg. Durch den j\u00e4hrlichen Wechsel wird immer eine andere Region mit ihren Besonderheiten vorgestellt.&nbsp;Die Heimattage wollen das Verst\u00e4ndnis f\u00fcr Heimat vertiefen und das Wir-Gef\u00fchl der Menschen in Baden-W\u00fcrttemberg st\u00e4rken. Die Heimattage bieten \u00fcber das ganze Jahr hinweg f\u00fcr Jung und Alt eine Reihe &hellip; <\/p>\n<p class=\"link-more\"><a href=\"https:\/\/heimatpflege-tuebingen.de\/?page_id=274\" class=\"more-link\"><span class=\"screen-reader-text\">\u201eHeimattage\u201c <\/span>weiterlesen<\/a><\/p>\n","protected":false},"author":6,"featured_media":567,"parent":0,"menu_order":0,"comment_status":"closed","ping_status":"closed","template":"","meta":{"ngg_post_thumbnail":0,"footnotes":""},"class_list":["post-274","page","type-page","status-publish","has-post-thumbnail","hentry"],"_links":{"self":[{"href":"https:\/\/heimatpflege-tuebingen.de\/index.php?rest_route=\/wp\/v2\/pages\/274","targetHints":{"allow":["GET"]}}],"collection":[{"href":"https:\/\/heimatpflege-tuebingen.de\/index.php?rest_route=\/wp\/v2\/pages"}],"about":[{"href":"https:\/\/heimatpflege-tuebingen.de\/index.php?rest_route=\/wp\/v2\/types\/page"}],"author":[{"embeddable":true,"href":"https:\/\/heimatpflege-tuebingen.de\/index.php?rest_route=\/wp\/v2\/users\/6"}],"replies":[{"embeddable":true,"href":"https:\/\/heimatpflege-tuebingen.de\/index.php?rest_route=%2Fwp%2Fv2%2Fcomments&post=274"}],"version-history":[{"count":26,"href":"https:\/\/heimatpflege-tuebingen.de\/index.php?rest_route=\/wp\/v2\/pages\/274\/revisions"}],"predecessor-version":[{"id":1271,"href":"https:\/\/heimatpflege-tuebingen.de\/index.php?rest_route=\/wp\/v2\/pages\/274\/revisions\/1271"}],"wp:featuredmedia":[{"embeddable":true,"href":"https:\/\/heimatpflege-tuebingen.de\/index.php?rest_route=\/wp\/v2\/media\/567"}],"wp:attachment":[{"href":"https:\/\/heimatpflege-tuebingen.de\/index.php?rest_route=%2Fwp%2Fv2%2Fmedia&parent=274"}],"curies":[{"name":"wp","href":"https:\/\/api.w.org\/{rel}","templated":true}]}}