{"id":86,"date":"2017-12-15T10:51:29","date_gmt":"2017-12-15T10:51:29","guid":{"rendered":"http:\/\/heimatpflege-tuebingen.eu\/?page_id=86"},"modified":"2026-03-24T13:38:21","modified_gmt":"2026-03-24T13:38:21","slug":"mitglieder","status":"publish","type":"page","link":"https:\/\/heimatpflege-tuebingen.de\/?page_id=86","title":{"rendered":"Mitglieder"},"content":{"rendered":"<p><a href=\"http:\/\/www.alemannischer-narrenring.de\">Alemannischer Narren-Ring e.V.<\/a><\/p>\n<hr>\n<p><a href=\"http:\/\/ag.volkstanz.com\/\">Arbeitsgemeinschaft der Sing-, Tanz- und Spielkreise in Baden-W\u00fcrttemberg e.V<\/a><\/p>\n<hr>\n<p><a href=\"http:\/\/www.bvbw-online.de\">Blasmusikverband Baden-W\u00fcrttemberg e.V.<\/a><\/p>\n<hr>\n<p><a href=\"http:\/\/www.bodenseegau-trachtenverband.de\">Bodensee-Heimat- und Trachtenverband e.V.<\/a><\/p>\n<hr>\n<p><a href=\"http:\/\/www.bund-der-vertriebenen.de\/\">Bund der Vertriebenen, Vereinigte Landsmannschaften, Landesverband Baden-W\u00fcrttemberg e.V<\/a>.<\/p>\n<hr>\n<p><a href=\"http:\/\/www.schwaebischer-dialekt.de\/\">F\u00f6rderverein &#8222;Schw\u00e4bischer Dialekt&#8220; e.V.<\/a><\/p>\n<hr>\n<p><a href=\"http:\/\/www.gesellschaft-oberschwaben.de\">Gesellschaft Oberschwaben f\u00fcr Geschichte und Kultur e.V.<\/a><\/p>\n<hr>\n<p><a href=\"http:\/\/www.peitschenmuseum.de\">Heimatverein Killer e.V.<\/a><\/p>\n<hr>\n<p><span style=\"font-family: 'Arial','sans-serif';\"><a href=\"http:\/\/www.hohenzollerischer-geschichtsverein.de\">Hohenzollerischer Geschichtsverein e.V.<\/a><br \/>\n<\/span><\/p>\n<hr>\n<p><a href=\"http:\/\/www.amateurtheater-bw.de\"><span style=\"font-family: 'Arial','sans-serif';\">Landesverband der Amateurtheater in Baden-W\u00fcrttemberg e.V.<\/span><\/a><\/p>\n<hr>\n<p><a href=\"http:\/\/www.buergerwehren.de\">Landesverband Historischer B\u00fcrgerwehren und Stadtgarden W\u00fcrttemberg-Hohenzollern e.V.<\/a><\/p>\n<hr>\n<p><a href=\"http:\/\/www.landfrauenverband-wh.de\">Landfrauenverband W\u00fcrttemberg-Hohenzollern Bildungs- und Sozialwerk e.V.<\/a><\/p>\n<hr>\n<p><a href=\"http:\/\/www.mundartgesellschaft-wuerttemberg.de\">Mundart-Gesellschaft W\u00fcrttemberg e.V.<strong>&nbsp;<\/strong><\/a><\/p>\n<hr>\n<p><a href=\"http:\/\/www.museum-langenargen.de\">Museum Langenargen -Verein zur F\u00f6rderung und Pflege der Kunst e.V.<\/a><\/p>\n<hr>\n<p><a href=\"http:\/\/www.geschichtsverein-pfullingen.de\">Pfullinger Geschichtsverein e.V.<\/a><\/p>\n<hr>\n<p><a href=\"http:\/\/www.rp.baden-wuerttemberg.de\">Regierungspr\u00e4sidium T\u00fcbingen<\/a><\/p>\n<hr>\n<p><a href=\"http:\/\/www.reutlinger-geschichtsverein.de\">Reutlinger Geschichtsverein e.V.<\/a><\/p>\n<hr>\n<p><a href=\"http:\/\/www.schwaebische-bauernschule.de\">Schw\u00e4bische Bauernschule Bad Waldsee Bildungshaus des Landesbauernverbandes in BW e.V.<\/a><\/p>\n<hr>\n<p><a href=\"http:\/\/www.mund-art.de\/home.html\">schw\u00e4bische mund.art e.V.<\/a><\/p>\n<hr>\n<p><a href=\"http:\/\/www.schwaebischer-albverein.de\/\">Schw\u00e4bischer Albverein e.V<\/a><\/p>\n<hr>\n<p><span style=\"font-family: 'Arial','sans-serif';\"><a href=\"http:\/\/www.s-chorverband.de\">Schw\u00e4bischer Chorverband e.V.<\/a><\/span><\/p>\n<hr>\n<p><span style=\"font-family: 'Arial','sans-serif';\"><a href=\"http:\/\/www.schwaebischer-heimatbund.de\/\">Schw\u00e4bischer Heimatbund&nbsp; e.V<\/a><br \/>\n<\/span><\/p>\n<hr>\n<p><a href=\"http:\/\/www.sav-rottenburg.de\">S\u00fclchgauer Altertumsverein e.V.<\/a><\/p>\n<hr>\n<p><a href=\"http:\/\/www.geschichtsverein-trochtelfingen.de\">Trochtelfinger Geschichts- und Heimatverein e.V.<\/a><\/p>\n<hr>\n<p><a href=\"http:\/\/www.bodensee-geschichtsverein.eu\">Verein f\u00fcr Geschichte des Bodensees und seiner Umgebung e.V.<\/a><\/p>\n<hr>\n<p><a href=\"http:\/\/www.verein-ulm-oberschwaben.de\">Verein f\u00fcr Kunst und Altertum in Ulm \/ Oberschwaben e.V.<\/a><\/p>\n<hr>\n<p><a href=\"http:\/\/www.vfon.de\/\">Vereinigung Freier Oberschw\u00e4bischer Narrenz\u00fcnfte e.V.<\/a><\/p>\n<hr>\n<p><a href=\"http:\/\/www.vsan.de\">Vereinigung Schw\u00e4bisch &#8211; Alemannischer Narrenz\u00fcnfte e.V.<\/a><\/p>\n<hr>\n<p><span style=\"font-size: 20px;\"><strong>beratende Mitglieder:<\/strong><\/span><\/p>\n<div>\n<hr>\n<p><a href=\"http:\/\/www.gemeindetag-bw.de\">Gemeindetag Baden-W\u00fcrttemberg<\/a><\/p>\n<hr>\n<\/div>\n<p><a href=\"http:\/\/www.landkreistag-bw.de\">Landkreistag Baden-W\u00fcrttemberg<\/a><\/p>\n<hr>\n<p><a href=\"http:\/\/www.staedtetag-bw.de\">St\u00e4dtetag Baden-W\u00fcrttemberg<\/a><\/p>\n<p>&nbsp;<\/p>\n<p>&nbsp;<\/p>\n","protected":false},"excerpt":{"rendered":"<p>Alemannischer Narren-Ring e.V. Arbeitsgemeinschaft der Sing-, Tanz- und Spielkreise in Baden-W\u00fcrttemberg e.V Blasmusikverband Baden-W\u00fcrttemberg e.V. Bodensee-Heimat- und Trachtenverband e.V. Bund der Vertriebenen, Vereinigte Landsmannschaften, Landesverband Baden-W\u00fcrttemberg e.V. F\u00f6rderverein &#8222;Schw\u00e4bischer Dialekt&#8220; e.V. Gesellschaft Oberschwaben f\u00fcr Geschichte und Kultur e.V. Heimatverein Killer e.V. Hohenzollerischer Geschichtsverein e.V. Landesverband der Amateurtheater in Baden-W\u00fcrttemberg e.V. Landesverband Historischer B\u00fcrgerwehren und Stadtgarden &hellip; <\/p>\n<p class=\"link-more\"><a href=\"https:\/\/heimatpflege-tuebingen.de\/?page_id=86\" class=\"more-link\"><span class=\"screen-reader-text\">\u201eMitglieder\u201c <\/span>weiterlesen<\/a><\/p>\n","protected":false},"author":1,"featured_media":0,"parent":0,"menu_order":0,"comment_status":"closed","ping_status":"closed","template":"","meta":{"ngg_post_thumbnail":0,"footnotes":""},"class_list":["post-86","page","type-page","status-publish","hentry"],"_links":{"self":[{"href":"https:\/\/heimatpflege-tuebingen.de\/index.php?rest_route=\/wp\/v2\/pages\/86","targetHints":{"allow":["GET"]}}],"collection":[{"href":"https:\/\/heimatpflege-tuebingen.de\/index.php?rest_route=\/wp\/v2\/pages"}],"about":[{"href":"https:\/\/heimatpflege-tuebingen.de\/index.php?rest_route=\/wp\/v2\/types\/page"}],"author":[{"embeddable":true,"href":"https:\/\/heimatpflege-tuebingen.de\/index.php?rest_route=\/wp\/v2\/users\/1"}],"replies":[{"embeddable":true,"href":"https:\/\/heimatpflege-tuebingen.de\/index.php?rest_route=%2Fwp%2Fv2%2Fcomments&post=86"}],"version-history":[{"count":33,"href":"https:\/\/heimatpflege-tuebingen.de\/index.php?rest_route=\/wp\/v2\/pages\/86\/revisions"}],"predecessor-version":[{"id":1274,"href":"https:\/\/heimatpflege-tuebingen.de\/index.php?rest_route=\/wp\/v2\/pages\/86\/revisions\/1274"}],"wp:attachment":[{"href":"https:\/\/heimatpflege-tuebingen.de\/index.php?rest_route=%2Fwp%2Fv2%2Fmedia&parent=86"}],"curies":[{"name":"wp","href":"https:\/\/api.w.org\/{rel}","templated":true}]}}

<p><a href="http://www.alemannischer-narrenring.de">Alemannischer Narren-Ring e.V.</a></p>
<hr>
<p><a href="http://ag.volkstanz.com/">Arbeitsgemeinschaft der Sing-, Tanz- und Spielkreise in Baden-Württemberg e.V</a></p>
<hr>
<p><a href="http://www.bvbw-online.de">Blasmusikverband Baden-Württemberg e.V.</a></p>
<hr>
<p><a href="http://www.bodenseegau-trachtenverband.de">Bodensee-Heimat- und Trachtenverband e.V.</a></p>
<hr>
<p><a href="http://www.bund-der-vertriebenen.de/">Bund der Vertriebenen, Vereinigte Landsmannschaften, Landesverband Baden-Württemberg e.V</a>.</p>
<hr>
<p><a href="http://www.schwaebischer-dialekt.de/">Förderverein &#8222;Schwäbischer Dialekt&#8220; e.V.</a></p>
<hr>
<p><a href="http://www.gesellschaft-oberschwaben.de">Gesellschaft Oberschwaben für Geschichte und Kultur e.V.</a></p>
<hr>
<p><a href="http://www.peitschenmuseum.de">Heimatverein Killer e.V.</a></p>
<hr>
<p><span style="font-family: 'Arial','sans-serif';"><a href="http://www.hohenzollerischer-geschichtsverein.de">Hohenzollerischer Geschichtsverein e.V.</a><br />
</span></p>
<hr>
<p><a href="http://www.amateurtheater-bw.de"><span style="font-family: 'Arial','sans-serif';">Landesverband der Amateurtheater in Baden-Württemberg e.V.</span></a></p>
<hr>
<p><a href="http://www.buergerwehren.de">Landesverband Historischer Bürgerwehren und Stadtgarden Württemberg-Hohenzollern e.V.</a></p>
<hr>
<p><a href="http://www.landfrauenverband-wh.de">Landfrauenverband Württemberg-Hohenzollern Bildungs- und Sozialwerk e.V.</a></p>
<hr>
<p><a href="http://www.mundartgesellschaft-wuerttemberg.de">Mundart-Gesellschaft Württemberg e.V.<strong>&nbsp;</strong></a></p>
<hr>
<p><a href="http://www.museum-langenargen.de">Museum Langenargen -Verein zur Förderung und Pflege der Kunst e.V.</a></p>
<hr>
<p><a href="http://www.geschichtsverein-pfullingen.de">Pfullinger Geschichtsverein e.V.</a></p>
<hr>
<p><a href="http://www.rp.baden-wuerttemberg.de">Regierungspräsidium Tübingen</a></p>
<hr>
<p><a href="http://www.reutlinger-geschichtsverein.de">Reutlinger Geschichtsverein e.V.</a></p>
<hr>
<p><a href="http://www.schwaebische-bauernschule.de">Schwäbische Bauernschule Bad Waldsee Bildungshaus des Landesbauernverbandes in BW e.V.</a></p>
<hr>
<p><a href="http://www.mund-art.de/home.html">schwäbische mund.art e.V.</a></p>
<hr>
<p><a href="http://www.schwaebischer-albverein.de/">Schwäbischer Albverein e.V</a></p>
<hr>
<p><span style="font-family: 'Arial','sans-serif';"><a href="http://www.s-chorverband.de">Schwäbischer Chorverband e.V.</a></span></p>
<hr>
<p><span style="font-family: 'Arial','sans-serif';"><a href="http://www.schwaebischer-heimatbund.de/">Schwäbischer Heimatbund&nbsp; e.V</a><br />
</span></p>
<hr>
<p><a href="http://www.sav-rottenburg.de">Sülchgauer Altertumsverein e.V.</a></p>
<hr>
<p><a href="http://www.geschichtsverein-trochtelfingen.de">Trochtelfinger Geschichts- und Heimatverein e.V.</a></p>
<hr>
<p><a href="http://www.bodensee-geschichtsverein.eu">Verein für Geschichte des Bodensees und seiner Umgebung e.V.</a></p>
<hr>
<p><a href="http://www.verein-ulm-oberschwaben.de">Verein für Kunst und Altertum in Ulm / Oberschwaben e.V.</a></p>
<hr>
<p><a href="http://www.vfon.de/">Vereinigung Freier Oberschwäbischer Narrenzünfte e.V.</a></p>
<hr>
<p><a href="http://www.vsan.de">Vereinigung Schwäbisch &#8211; Alemannischer Narrenzünfte e.V.</a></p>
<hr>
<p><span style="font-size: 20px;"><strong>beratende Mitglieder:</strong></span></p>
<div>
<hr>
<p><a href="http://www.gemeindetag-bw.de">Gemeindetag Baden-Württemberg</a></p>
<hr>
</div>
<p><a href="http://www.landkreistag-bw.de">Landkreistag Baden-Württemberg</a></p>
<hr>
<p><a href="http://www.staedtetag-bw.de">Städtetag Baden-Württemberg</a></p>
<p>&nbsp;</p>
<p>&nbsp;</p>

<p>Alemannischer Narren-Ring e.V. Arbeitsgemeinschaft der Sing-, Tanz- und Spielkreise in Baden-Württemberg e.V Blasmusikverband Baden-Württemberg e.V. Bodensee-Heimat- und Trachtenverband e.V. Bund der Vertriebenen, Vereinigte Landsmannschaften, Landesverband Baden-Württemberg e.V. Förderverein &#8222;Schwäbischer Dialekt&#8220; e.V. Gesellschaft Oberschwaben für Geschichte und Kultur e.V. Heimatverein Killer e.V. Hohenzollerischer Geschichtsverein e.V. Landesverband der Amateurtheater in Baden-Württemberg e.V. Landesverband Historischer Bürgerwehren und Stadtgarden &hellip; </p>
<p class="link-more"><a href="https://heimatpflege-tuebingen.de/?page_id=86" class="more-link"><span class="screen-reader-text">„Mitglieder“ </span>weiterlesen</a></p>
